{"id":2177,"date":"2024-08-04T22:06:35","date_gmt":"2024-08-04T20:06:35","guid":{"rendered":"http:\/\/blasco-traducciones.de\/2025\/?page_id=2177"},"modified":"2025-07-28T07:43:41","modified_gmt":"2025-07-28T05:43:41","slug":"profil","status":"publish","type":"page","link":"http:\/\/blasco-traducciones.de\/2025\/de\/profil\/","title":{"rendered":"PROFIL"},"content":{"rendered":"\n<p class=\"has-vivid-red-color has-text-color has-link-color wp-elements-246a2aa378657d9dc38f2bf5824678f9\" style=\"font-size:30px\">PROFIL<\/p>\n\n\n\n<figure class=\"wp-block-image size-full is-style-default\"><img loading=\"lazy\" decoding=\"async\" width=\"180\" height=\"240\" src=\"http:\/\/blasco-traducciones.de\/2025\/wp-content\/uploads\/2025\/07\/foto_website_Claudio-201502.jpg\" alt=\"\" class=\"wp-image-3282\"\/><\/figure>\n\n\n\n<p>Claudio Blasco<\/p>\n\n\n\n<div style=\"height:100px\" aria-hidden=\"true\" class=\"wp-block-spacer\"><\/div>\n\n\n\n<p class=\"has-vivid-red-color has-text-color has-link-color has-medium-font-size wp-elements-daff9aafad2e73db9ae3d2f4321b6229\">EXPERTENWISSEN UND BESONDERE QUALIFIKATIONEN:<\/p>\n\n\n\n<p>\u2013 Allgemein erm\u00e4chtigter \u00dcbersetzer f\u00fcr Gerichte und Notare in Deutschland<\/p>\n\n\n\n<p>\u2013 Staatlich gepr\u00fcfter \u00dcbersetzer f\u00fcr Spanisch im Land Hessen und Bayern<\/p>\n\n\n\n<p>\u2013 Ehem. Mitglied des Pr\u00fcfungsausschusses f\u00fcr die staatliche Pr\u00fcfung f\u00fcr \u00dcbersetzer und Dolmetscher in Bayern.<\/p>\n\n\n\n<p>\u2013 \u00dcber 25-j\u00e4hrige Erfahrung als \u00dcbersetzer<\/p>\n\n\n\n<p>\u2013 Diplom-Volkswirt (J. W. Goethe-Universit\u00e4t-Frankfurt)<\/p>\n\n\n\n<p>\u2013 Ehem. Lehrbeauftragter an den Universit\u00e4ten: J.W.- Goethe-Universit\u00e4t (Frankfurt am Main), European Business School (Oestrich-Winkel), Justus-Liebig-Universit\u00e4t (Gie\u00dfen) und Friedrich-Alexander-Universit\u00e4t (N\u00fcrnberg)<\/p>\n\n\n\n<p><\/p>\n\n\n\n<p class=\"has-vivid-red-color has-text-color has-link-color has-medium-font-size wp-elements-230bc2e914961ba4a964b39949502814\">BERUFLICHE ERFAHRUNG ALS \u00dcBERSETZER F\u00dcR SPANISCH<\/p>\n\n\n\n<p>\u2013 Seit 2012 bis heute: Freiberuflich t\u00e4tiger vereidigter \u00dcbersetzer f\u00fcr Spanisch mit B\u00fcro in Frankfurt am Main \/ Deutschland.<\/p>\n\n\n\n<p>\u2013 Von 8\/2007 bis 3\/2012: EVS Translations GmbH, \u00dcbersetzungsunternehmen mit Sitz in Offenbach am Main\/ Deutschland. Vollzeitbesch\u00e4ftigung. \u00dcbersetzungen aus dem Deutschen und Englischen ins Spanische von Texten aus den Bereichen Wirtschaft, Finanzen, Recht, Technik und Naturwissenschaften. Aufbau und Pflege der Terminologiedatenbank. Arbeit mit den Programmen Trados, Transit, Trados-Studio und Microsoft-Office-Anwendungen.<\/p>\n\n\n\n<p>\u2013 Von 7\/2000 bis 6\/2006: Deutsche Bank AG in Frankfurt, Deutschland, interner Sprachendienst. Vollzeitbesch\u00e4ftigung. \u00dcbersetzungen aus dem Deutschen und aus dem Englischen ins Spanische. \u00dcbersetzungen von Finanzberichten, Investmentmanagementberichten, Werbetexten usw. Aufbau und Pflege der Terminologiedatenbank. Arbeit mit Trados und Microsoft-Office-Anwendungen.<\/p>\n\n\n\n<p>\u2013 8\/1998 bis 6\/2000: Internationale Projekt Consult (IPC), heute: ProCredit Group Frankfurt. Teilzeitbesch\u00e4ftigung. \u00dcbersetzungen von Texten zu Mikrokrediten und Entwicklungszusammenarbeit.<br>www.procredit-holding.com<\/p>\n\n\n\n<p>\u2013 1996-2023: Regelm\u00e4\u00dfige \u00dcbersetzungen einer Publikation &#8211; sp\u00e4ter als Website &#8211; im Auftrag des Ausw\u00e4rtigen Amtes, die in 180 L\u00e4ndern mit einer Auflage von 400.000 Exemplaren verteilt wird. Themenbereiche: Politik, Kultur, Wirtschaft und Technik.<\/p>\n\n\n\n<p>\u2013 Weitere T\u00e4tigkeiten als freiberuflicher \u00dcbersetzer f\u00fcr Unternehmen und Institutionen: Deutsche Bank AG, Dresdner Bank (Commerzbank), DG-Bank (DZ-Bank), BHF-BANK, Siemens Erlangen, Hoechst AG Frankfurt, Union Investment, Internationale Projekt Consult (IPC) GmbH (ProCredit Group Frankfurt), TUI Hannover, GTZ (GIZ) u. a.<\/p>\n\n\n\n<p class=\"has-vivid-red-color has-text-color has-link-color has-medium-font-size wp-elements-d45b0ded3f4deaa08e9713c8160ff116\">AUSWAHL DER VER\u00d6FFENTLICHTEN \u00dcBERSETZUNGEN<\/p>\n\n\n\n<p>\u2013 1998 \u2013 2003: Jahresabschluss und Gesch\u00e4ftsbericht: Memoria del Ejercicio Deutsche Bank<\/p>\n\n\n\n<p>\u2013 1998: Rund um die Rente. Die deutsche gesetzliche Rentenversicherung im \u00dcberblick: &#8220;El sistema de seguro p\u00fablico de pensiones en Alemania&#8221;. Verband Deutscher Rentenversicherungstr\u00e4ger (Hrsg.), 1998.<br>www.vdr.de<\/p>\n\n\n\n<p>\u2013 1993 \u2013 1997: Jahresabschluss und Gesch\u00e4ftsbericht: Memoria del Ejercicio Gruppe DZ-Bank Bank (ex DG-Bank)<\/p>\n\n\n\n<p>\u2013 1994: Dr. Graf von Br\u00fchl, R.: Erscheinungsformen der Wirtschaftskriminalit\u00e4t. &#8220;Pr\u00e1cticas ilegales en la econom\u00eda moderna&#8221;. R.G. Fischer Verlag 1994. ISBN: 3-89406-960-0<\/p>\n\n\n\n<p>\u2013 1991: Dr. Baumbusch, R.: Normativ-deskriptive Kennzahlen und Kennzahlensysteme im Management: &#8220;Sistemas de ratios en la direcci\u00f3n de empresas&#8221;, R.G. Fischer Verlag, 1991. ISBN: 3-89406-380-70<\/p>\n\n\n\n<p class=\"has-vivid-red-color has-text-color has-link-color has-medium-font-size wp-elements-27bb5bbfaf2656230e533d890d2aa14c\">MITARBEIT AN W\u00d6RTERB\u00dcCHERN<\/p>\n\n\n\n<p>\u2013 PONS Business-W\u00f6rterbuch Spanisch-Deutsch\/Deutsch-Spanisch. 1010 Seiten. Stuttgart 2006<\/p>\n\n\n\n<p>\u2013 PONS Reisew\u00f6rterbuch Spanisch &#8211; Reisew\u00f6rterbuch und Sprachf\u00fchrer mit interkulturellen Tipps. 304 Seiten. Stuttgart 2007<\/p>\n\n\n\n<p class=\"has-vivid-red-color has-text-color has-link-color has-medium-font-size wp-elements-d1308ae73130b7c71478046c82231d55\">STUDIUM UND WEITERE ABSCHL\u00dcSSE UND ERM\u00c4CHTIGUNGEN<\/p>\n\n\n\n<p>\u2013 Diplom-Volkswirt: Johann Wolfgang Goethe-Universit\u00e4t, WW-Fakult\u00e4t. Frankfurt.<\/p>\n\n\n\n<p>\u2013 Allgemein erm\u00e4chtigter \u00dcbersetzer f\u00fcr Gerichte und Notare in Hessen und in Deutschland<\/p>\n\n\n\n<p>\u2013 Staatlich gepr\u00fcfter \u00dcbersetzer f\u00fcr Spanisch im Land Hessen und in Bayern<\/p>\n\n\n\n<p>\u2013 Ehem. Mitglied des Pr\u00fcfungsausschusses f\u00fcr die staatliche Pr\u00fcfung f\u00fcr \u00dcbersetzter und Dolmetscher in Bayern.<\/p>\n\n\n\n<p>\u2013 Ehem. Lehrbeauftragter an den Universit\u00e4ten: J.W.- Goethe-Universit\u00e4t (Frankfurt am Main), European Business School (Oestrich-Winkel), Justus-Liebig-Universit\u00e4t (Gie\u00dfen) und Friedrich-Alexander-Universit\u00e4t (N\u00fcrnberg).<\/p>\n\n\n\n<p class=\"has-vivid-red-color has-text-color has-link-color has-medium-font-size wp-elements-1ff7f6449dc94945e7fc91b09a5910a3\">SOFTWAREPROGRAMME<\/p>\n\n\n\n<p>Microsoft Office (Word, Excel, PowerPoint), TRADOS, TRADOS-Studio, Transit.<\/p>\n\n\n\n<p><\/p>\n","protected":false},"excerpt":{"rendered":"<p>PROFIL Claudio Blasco EXPERTENWISSEN UND BESONDERE QUALIFIKATIONEN: \u2013 Allgemein erm\u00e4chtigter \u00dcbersetzer f\u00fcr Gerichte und Notare in Deutschland \u2013 Staatlich gepr\u00fcfter \u00dcbersetzer f\u00fcr Spanisch im Land Hessen und Bayern \u2013 Ehem. Mitglied des Pr\u00fcfungsausschusses f\u00fcr die staatliche Pr\u00fcfung f\u00fcr \u00dcbersetzer und Dolmetscher in Bayern. \u2013 \u00dcber 25-j\u00e4hrige Erfahrung als \u00dcbersetzer \u2013 Diplom-Volkswirt (J. W. Goethe-Universit\u00e4t-Frankfurt) \u2013 [&hellip;]<\/p>\n","protected":false},"author":1,"featured_media":0,"parent":0,"menu_order":0,"comment_status":"closed","ping_status":"closed","template":"","meta":{"_uag_custom_page_level_css":"","site-sidebar-layout":"default","site-content-layout":"","ast-site-content-layout":"default","site-content-style":"default","site-sidebar-style":"default","ast-global-header-display":"","ast-banner-title-visibility":"","ast-main-header-display":"","ast-hfb-above-header-display":"","ast-hfb-below-header-display":"","ast-hfb-mobile-header-display":"","site-post-title":"disabled","ast-breadcrumbs-content":"","ast-featured-img":"","footer-sml-layout":"","theme-transparent-header-meta":"","adv-header-id-meta":"","stick-header-meta":"","header-above-stick-meta":"","header-main-stick-meta":"","header-below-stick-meta":"","astra-migrate-meta-layouts":"set","ast-page-background-enabled":"default","ast-page-background-meta":{"desktop":{"background-color":"var(--ast-global-color-4)","background-image":"","background-repeat":"repeat","background-position":"center center","background-size":"auto","background-attachment":"scroll","background-type":"","background-media":"","overlay-type":"","overlay-color":"","overlay-opacity":"","overlay-gradient":""},"tablet":{"background-color":"","background-image":"","background-repeat":"repeat","background-position":"center center","background-size":"auto","background-attachment":"scroll","background-type":"","background-media":"","overlay-type":"","overlay-color":"","overlay-opacity":"","overlay-gradient":""},"mobile":{"background-color":"","background-image":"","background-repeat":"repeat","background-position":"center center","background-size":"auto","background-attachment":"scroll","background-type":"","background-media":"","overlay-type":"","overlay-color":"","overlay-opacity":"","overlay-gradient":""}},"ast-content-background-meta":{"desktop":{"background-color":"var(--ast-global-color-5)","background-image":"","background-repeat":"repeat","background-position":"center center","background-size":"auto","background-attachment":"scroll","background-type":"","background-media":"","overlay-type":"","overlay-color":"","overlay-opacity":"","overlay-gradient":""},"tablet":{"background-color":"var(--ast-global-color-5)","background-image":"","background-repeat":"repeat","background-position":"center center","background-size":"auto","background-attachment":"scroll","background-type":"","background-media":"","overlay-type":"","overlay-color":"","overlay-opacity":"","overlay-gradient":""},"mobile":{"background-color":"var(--ast-global-color-5)","background-image":"","background-repeat":"repeat","background-position":"center center","background-size":"auto","background-attachment":"scroll","background-type":"","background-media":"","overlay-type":"","overlay-color":"","overlay-opacity":"","overlay-gradient":""}},"footnotes":""},"class_list":["post-2177","page","type-page","status-publish","hentry"],"yoast_head":"<!-- This site is optimized with the Yoast SEO plugin v26.2 - https:\/\/yoast.com\/wordpress\/plugins\/seo\/ -->\n<title>PROFIL - Blasco Traducciones<\/title>\n<meta name=\"description\" content=\"Langj\u00e4hrige Erfahrung als vereidigter \u00dcbersetzer f\u00fcr Spanisch. Expertenwissen und Qualifikationen. B\u00fccher und W\u00f6rterb\u00fccher.\" \/>\n<meta name=\"robots\" content=\"index, follow, max-snippet:-1, max-image-preview:large, max-video-preview:-1\" \/>\n<link rel=\"canonical\" href=\"http:\/\/blasco-traducciones.de\/2025\/de\/profil\/\" \/>\n<meta property=\"og:locale\" content=\"en_US\" \/>\n<meta property=\"og:type\" content=\"article\" \/>\n<meta property=\"og:title\" content=\"PROFIL - Blasco Traducciones\" \/>\n<meta property=\"og:description\" content=\"Langj\u00e4hrige Erfahrung als vereidigter \u00dcbersetzer f\u00fcr Spanisch. Expertenwissen und Qualifikationen. B\u00fccher und W\u00f6rterb\u00fccher.\" \/>\n<meta property=\"og:url\" content=\"http:\/\/blasco-traducciones.de\/2025\/de\/profil\/\" \/>\n<meta property=\"og:site_name\" content=\"Blasco Traducciones\" \/>\n<meta property=\"article:modified_time\" content=\"2025-07-28T05:43:41+00:00\" \/>\n<meta property=\"og:image\" content=\"http:\/\/blasco-traducciones.de\/2025\/wp-content\/uploads\/2025\/07\/foto_website_Claudio-201502.jpg\" \/>\n\t<meta property=\"og:image:width\" content=\"180\" \/>\n\t<meta property=\"og:image:height\" content=\"240\" \/>\n\t<meta property=\"og:image:type\" content=\"image\/jpeg\" \/>\n<meta name=\"twitter:card\" content=\"summary_large_image\" \/>\n<meta name=\"twitter:label1\" content=\"Est. reading time\" \/>\n\t<meta name=\"twitter:data1\" content=\"3 minutes\" \/>\n<script type=\"application\/ld+json\" class=\"yoast-schema-graph\">{\"@context\":\"https:\/\/schema.org\",\"@graph\":[{\"@type\":\"WebPage\",\"@id\":\"http:\/\/blasco-traducciones.de\/2025\/de\/profil\/\",\"url\":\"http:\/\/blasco-traducciones.de\/2025\/de\/profil\/\",\"name\":\"PROFIL - Blasco Traducciones\",\"isPartOf\":{\"@id\":\"http:\/\/blasco-traducciones.de\/2025\/#website\"},\"primaryImageOfPage\":{\"@id\":\"http:\/\/blasco-traducciones.de\/2025\/de\/profil\/#primaryimage\"},\"image\":{\"@id\":\"http:\/\/blasco-traducciones.de\/2025\/de\/profil\/#primaryimage\"},\"thumbnailUrl\":\"http:\/\/blasco-traducciones.de\/2025\/wp-content\/uploads\/2025\/07\/foto_website_Claudio-201502.jpg\",\"datePublished\":\"2024-08-04T20:06:35+00:00\",\"dateModified\":\"2025-07-28T05:43:41+00:00\",\"description\":\"Langj\u00e4hrige Erfahrung als vereidigter \u00dcbersetzer f\u00fcr Spanisch. Expertenwissen und Qualifikationen. B\u00fccher und W\u00f6rterb\u00fccher.\",\"breadcrumb\":{\"@id\":\"http:\/\/blasco-traducciones.de\/2025\/de\/profil\/#breadcrumb\"},\"inLanguage\":\"en-US\",\"potentialAction\":[{\"@type\":\"ReadAction\",\"target\":[\"http:\/\/blasco-traducciones.de\/2025\/de\/profil\/\"]}]},{\"@type\":\"ImageObject\",\"inLanguage\":\"en-US\",\"@id\":\"http:\/\/blasco-traducciones.de\/2025\/de\/profil\/#primaryimage\",\"url\":\"http:\/\/blasco-traducciones.de\/2025\/wp-content\/uploads\/2025\/07\/foto_website_Claudio-201502.jpg\",\"contentUrl\":\"http:\/\/blasco-traducciones.de\/2025\/wp-content\/uploads\/2025\/07\/foto_website_Claudio-201502.jpg\",\"width\":180,\"height\":240},{\"@type\":\"BreadcrumbList\",\"@id\":\"http:\/\/blasco-traducciones.de\/2025\/de\/profil\/#breadcrumb\",\"itemListElement\":[{\"@type\":\"ListItem\",\"position\":1,\"name\":\"Home\",\"item\":\"http:\/\/blasco-traducciones.de\/2025\/en\/home\/\"},{\"@type\":\"ListItem\",\"position\":2,\"name\":\"PROFIL\"}]},{\"@type\":\"WebSite\",\"@id\":\"http:\/\/blasco-traducciones.de\/2025\/#website\",\"url\":\"http:\/\/blasco-traducciones.de\/2025\/\",\"name\":\"Blasco Traducciones\",\"description\":\"Espa\u00f1ol &lt;-&gt; Deutsch\",\"publisher\":{\"@id\":\"http:\/\/blasco-traducciones.de\/2025\/#organization\"},\"potentialAction\":[{\"@type\":\"SearchAction\",\"target\":{\"@type\":\"EntryPoint\",\"urlTemplate\":\"http:\/\/blasco-traducciones.de\/2025\/?s={search_term_string}\"},\"query-input\":{\"@type\":\"PropertyValueSpecification\",\"valueRequired\":true,\"valueName\":\"search_term_string\"}}],\"inLanguage\":\"en-US\"},{\"@type\":\"Organization\",\"@id\":\"http:\/\/blasco-traducciones.de\/2025\/#organization\",\"name\":\"Blasco Traducciones\",\"url\":\"http:\/\/blasco-traducciones.de\/2025\/\",\"logo\":{\"@type\":\"ImageObject\",\"inLanguage\":\"en-US\",\"@id\":\"http:\/\/blasco-traducciones.de\/2025\/#\/schema\/logo\/image\/\",\"url\":\"\",\"contentUrl\":\"\",\"caption\":\"Blasco Traducciones\"},\"image\":{\"@id\":\"http:\/\/blasco-traducciones.de\/2025\/#\/schema\/logo\/image\/\"}}]}<\/script>\n<!-- \/ Yoast SEO plugin. -->","yoast_head_json":{"title":"PROFIL - Blasco Traducciones","description":"Langj\u00e4hrige Erfahrung als vereidigter \u00dcbersetzer f\u00fcr Spanisch. Expertenwissen und Qualifikationen. B\u00fccher und W\u00f6rterb\u00fccher.","robots":{"index":"index","follow":"follow","max-snippet":"max-snippet:-1","max-image-preview":"max-image-preview:large","max-video-preview":"max-video-preview:-1"},"canonical":"http:\/\/blasco-traducciones.de\/2025\/de\/profil\/","og_locale":"en_US","og_type":"article","og_title":"PROFIL - Blasco Traducciones","og_description":"Langj\u00e4hrige Erfahrung als vereidigter \u00dcbersetzer f\u00fcr Spanisch. Expertenwissen und Qualifikationen. B\u00fccher und W\u00f6rterb\u00fccher.","og_url":"http:\/\/blasco-traducciones.de\/2025\/de\/profil\/","og_site_name":"Blasco Traducciones","article_modified_time":"2025-07-28T05:43:41+00:00","og_image":[{"width":180,"height":240,"url":"http:\/\/blasco-traducciones.de\/2025\/wp-content\/uploads\/2025\/07\/foto_website_Claudio-201502.jpg","type":"image\/jpeg"}],"twitter_card":"summary_large_image","twitter_misc":{"Est. reading time":"3 minutes"},"schema":{"@context":"https:\/\/schema.org","@graph":[{"@type":"WebPage","@id":"http:\/\/blasco-traducciones.de\/2025\/de\/profil\/","url":"http:\/\/blasco-traducciones.de\/2025\/de\/profil\/","name":"PROFIL - Blasco Traducciones","isPartOf":{"@id":"http:\/\/blasco-traducciones.de\/2025\/#website"},"primaryImageOfPage":{"@id":"http:\/\/blasco-traducciones.de\/2025\/de\/profil\/#primaryimage"},"image":{"@id":"http:\/\/blasco-traducciones.de\/2025\/de\/profil\/#primaryimage"},"thumbnailUrl":"http:\/\/blasco-traducciones.de\/2025\/wp-content\/uploads\/2025\/07\/foto_website_Claudio-201502.jpg","datePublished":"2024-08-04T20:06:35+00:00","dateModified":"2025-07-28T05:43:41+00:00","description":"Langj\u00e4hrige Erfahrung als vereidigter \u00dcbersetzer f\u00fcr Spanisch. Expertenwissen und Qualifikationen. B\u00fccher und W\u00f6rterb\u00fccher.","breadcrumb":{"@id":"http:\/\/blasco-traducciones.de\/2025\/de\/profil\/#breadcrumb"},"inLanguage":"en-US","potentialAction":[{"@type":"ReadAction","target":["http:\/\/blasco-traducciones.de\/2025\/de\/profil\/"]}]},{"@type":"ImageObject","inLanguage":"en-US","@id":"http:\/\/blasco-traducciones.de\/2025\/de\/profil\/#primaryimage","url":"http:\/\/blasco-traducciones.de\/2025\/wp-content\/uploads\/2025\/07\/foto_website_Claudio-201502.jpg","contentUrl":"http:\/\/blasco-traducciones.de\/2025\/wp-content\/uploads\/2025\/07\/foto_website_Claudio-201502.jpg","width":180,"height":240},{"@type":"BreadcrumbList","@id":"http:\/\/blasco-traducciones.de\/2025\/de\/profil\/#breadcrumb","itemListElement":[{"@type":"ListItem","position":1,"name":"Home","item":"http:\/\/blasco-traducciones.de\/2025\/en\/home\/"},{"@type":"ListItem","position":2,"name":"PROFIL"}]},{"@type":"WebSite","@id":"http:\/\/blasco-traducciones.de\/2025\/#website","url":"http:\/\/blasco-traducciones.de\/2025\/","name":"Blasco Traducciones","description":"Espa\u00f1ol &lt;-&gt; Deutsch","publisher":{"@id":"http:\/\/blasco-traducciones.de\/2025\/#organization"},"potentialAction":[{"@type":"SearchAction","target":{"@type":"EntryPoint","urlTemplate":"http:\/\/blasco-traducciones.de\/2025\/?s={search_term_string}"},"query-input":{"@type":"PropertyValueSpecification","valueRequired":true,"valueName":"search_term_string"}}],"inLanguage":"en-US"},{"@type":"Organization","@id":"http:\/\/blasco-traducciones.de\/2025\/#organization","name":"Blasco Traducciones","url":"http:\/\/blasco-traducciones.de\/2025\/","logo":{"@type":"ImageObject","inLanguage":"en-US","@id":"http:\/\/blasco-traducciones.de\/2025\/#\/schema\/logo\/image\/","url":"","contentUrl":"","caption":"Blasco Traducciones"},"image":{"@id":"http:\/\/blasco-traducciones.de\/2025\/#\/schema\/logo\/image\/"}}]}},"uagb_featured_image_src":{"full":false,"thumbnail":false,"medium":false,"medium_large":false,"large":false,"1536x1536":false,"2048x2048":false},"uagb_author_info":{"display_name":"is","author_link":"http:\/\/blasco-traducciones.de\/2025\/author\/is\/"},"uagb_comment_info":0,"uagb_excerpt":"PROFIL Claudio Blasco EXPERTENWISSEN UND BESONDERE QUALIFIKATIONEN: \u2013 Allgemein erm\u00e4chtigter \u00dcbersetzer f\u00fcr Gerichte und Notare in Deutschland \u2013 Staatlich gepr\u00fcfter \u00dcbersetzer f\u00fcr Spanisch im Land Hessen und Bayern \u2013 Ehem. Mitglied des Pr\u00fcfungsausschusses f\u00fcr die staatliche Pr\u00fcfung f\u00fcr \u00dcbersetzer und Dolmetscher in Bayern. \u2013 \u00dcber 25-j\u00e4hrige Erfahrung als \u00dcbersetzer \u2013 Diplom-Volkswirt (J. W. Goethe-Universit\u00e4t-Frankfurt) \u2013&hellip;","_links":{"self":[{"href":"http:\/\/blasco-traducciones.de\/2025\/wp-json\/wp\/v2\/pages\/2177","targetHints":{"allow":["GET"]}}],"collection":[{"href":"http:\/\/blasco-traducciones.de\/2025\/wp-json\/wp\/v2\/pages"}],"about":[{"href":"http:\/\/blasco-traducciones.de\/2025\/wp-json\/wp\/v2\/types\/page"}],"author":[{"embeddable":true,"href":"http:\/\/blasco-traducciones.de\/2025\/wp-json\/wp\/v2\/users\/1"}],"replies":[{"embeddable":true,"href":"http:\/\/blasco-traducciones.de\/2025\/wp-json\/wp\/v2\/comments?post=2177"}],"version-history":[{"count":6,"href":"http:\/\/blasco-traducciones.de\/2025\/wp-json\/wp\/v2\/pages\/2177\/revisions"}],"predecessor-version":[{"id":3359,"href":"http:\/\/blasco-traducciones.de\/2025\/wp-json\/wp\/v2\/pages\/2177\/revisions\/3359"}],"wp:attachment":[{"href":"http:\/\/blasco-traducciones.de\/2025\/wp-json\/wp\/v2\/media?parent=2177"}],"curies":[{"name":"wp","href":"https:\/\/api.w.org\/{rel}","templated":true}]}}